{"id":43,"date":"2012-02-25T19:28:47","date_gmt":"2012-02-25T18:28:47","guid":{"rendered":"http:\/\/www.bbkappel.ch\/wordpress\/?page_id=43"},"modified":"2012-08-12T18:26:50","modified_gmt":"2012-08-12T16:26:50","slug":"infos","status":"publish","type":"page","link":"https:\/\/www.bbkappel.ch\/index.php\/uber-uns\/infos\/","title":{"rendered":"Infos"},"content":{"rendered":"<table style=\"border-width: 0px;\" width=\"100%\">\n<tbody>\n<tr>\n<td width=\"276\"><span style=\"font-family: Arial;\">Gr\u00fcndungsjahr<\/span><\/td>\n<td><span style=\"font-family: Arial;\">1883<\/span><\/td>\n<\/tr>\n<tr>\n<td width=\"276\"><span style=\"font-family: Arial;\">Name<\/span><\/td>\n<td><span style=\"font-family: Arial;\">Brass Band Kappel (seit 1999)<\/span><\/td>\n<\/tr>\n<tr>\n<td width=\"276\"><\/td>\n<td><span style=\"font-family: Arial;\">bis 1998 Musikgesellschaft Kappel<\/span><\/td>\n<\/tr>\n<tr>\n<td width=\"276\"><span style=\"font-family: Arial;\">Besetzung<\/span><\/td>\n<td><span style=\"font-family: Arial;\">Brass Band<\/span><\/td>\n<\/tr>\n<tr>\n<td width=\"276\"><span style=\"font-family: Arial;\">St\u00e4rkeklasse<\/span><\/td>\n<td><span style=\"font-family: Arial;\">2<\/span><\/td>\n<\/tr>\n<tr>\n<td width=\"276\"><span style=\"font-family: Arial;\">Mitglieder<\/span><\/td>\n<td><span style=\"font-family: Arial;\">25<\/span><\/td>\n<\/tr>\n<tr>\n<td width=\"276\"><span style=\"font-family: Arial;\">Pr\u00e4sident<\/span><\/td>\n<td><span style=\"font-family: Arial;\">Anton Lack, Kappel<\/span><\/td>\n<\/tr>\n<tr>\n<td width=\"276\"><span style=\"font-family: Arial;\">Dirigent<\/span><\/td>\n<td><span style=\"font-family: Arial;\">Oliver Waldmann, H\u00e4gendorf<\/span><\/td>\n<\/tr>\n<tr>\n<td width=\"276\"><span style=\"font-family: Arial;\">Teilnahme an Eidg. Musikfesten<\/span><\/td>\n<td><span style=\"font-family: Arial;\">1923 in Zug<\/span><\/td>\n<\/tr>\n<tr>\n<td width=\"276\"><\/td>\n<td><span style=\"font-family: Arial;\">1953 in Fribourg<\/span><\/td>\n<\/tr>\n<tr>\n<td width=\"276\"><\/td>\n<td><span style=\"font-family: Arial;\">1971 in Luzern<\/span><\/td>\n<\/tr>\n<tr>\n<td width=\"276\"><\/td>\n<td><span style=\"font-family: Arial;\">1986 in Winterthur<\/span><\/td>\n<\/tr>\n<tr>\n<td width=\"276\"><\/td>\n<td><span style=\"font-family: Arial;\">1991 in Lugano<\/span><\/td>\n<\/tr>\n<tr>\n<td width=\"276\"><\/td>\n<td><span style=\"font-family: Arial;\">1996 in Interlaken<\/span><\/td>\n<\/tr>\n<tr>\n<td width=\"276\"><\/td>\n<td><span style=\"font-family: Arial;\">2001 in Fribourg<\/span><\/td>\n<\/tr>\n<tr>\n<td width=\"276\"><span style=\"font-family: Arial;\">Teilnahme an Kant. Musikfesten<\/span><\/td>\n<td><span style=\"font-family: Arial;\">1925 in Grenchen<\/span><\/td>\n<\/tr>\n<tr>\n<td width=\"276\"><\/td>\n<td><span style=\"font-family: Arial;\">1965 in Olten<\/span><\/td>\n<\/tr>\n<tr>\n<td width=\"276\"><\/td>\n<td><span style=\"font-family: Arial;\">1984 in Balsthal<\/span><\/td>\n<\/tr>\n<tr>\n<td width=\"276\"><\/td>\n<td><span style=\"font-family: Arial;\">1985 in Murten (FR)<\/span><\/td>\n<\/tr>\n<tr>\n<td width=\"276\"><\/td>\n<td><span style=\"font-family: Arial;\">1989 in Niederg\u00f6sgen<\/span><\/td>\n<\/tr>\n<tr>\n<td width=\"276\"><\/td>\n<td><span style=\"font-family: Arial;\">1994 in M\u00fcmliswil (1. Platz \u00a02. Klasse)<\/span><\/td>\n<\/tr>\n<tr>\n<td width=\"276\"><\/td>\n<td><span style=\"font-family: Arial;\">1999 in Schnottwil<\/span><\/td>\n<\/tr>\n<tr>\n<td width=\"276\"><\/td>\n<td><span style=\"font-family: Arial;\">2003 in Langdorf (3. Platz 2. Klasse)<\/span><\/td>\n<\/tr>\n<tr>\n<td width=\"276\"><\/td>\n<td><span style=\"font-family: Arial;\">2009 in Wolfwil<\/span><\/td>\n<\/tr>\n<tr>\n<td width=\"276\"><span style=\"font-family: Arial;\">Teilnahme an Sol. Blasmusikpreisen<\/span><\/td>\n<td><span style=\"font-family: Arial;\">1992 in Biberist<\/span><\/td>\n<\/tr>\n<tr>\n<td width=\"276\"><\/td>\n<td><span style=\"font-family: Arial;\">1993 in Biberist (1. Rang\u00a0Kat. B)<\/span><\/td>\n<\/tr>\n<tr>\n<td width=\"276\"><\/td>\n<td><span style=\"font-family: Arial;\">1995 in Deitingen (2. Platz Kat. B)<\/span><\/td>\n<\/tr>\n<tr>\n<td width=\"276\"><\/td>\n<td><span style=\"font-family: Arial;\">1998 in Deitingen<\/span><\/td>\n<\/tr>\n<tr>\n<td width=\"276\"><\/td>\n<td><span style=\"font-family: Arial;\">2000 in Deitingen<\/span><\/td>\n<\/tr>\n<tr>\n<td width=\"276\"><\/td>\n<td><span style=\"font-family: Arial;\">2005 in Deitingen<\/span><\/td>\n<\/tr>\n<tr>\n<td width=\"276\"><span style=\"font-family: Arial;\">Teilnahme an Regionalmusiktagen<\/span><\/td>\n<td><span style=\"font-family: Arial;\">2002 in Wolfwil (2. Rang Kat. B)<\/span><\/td>\n<\/tr>\n<tr>\n<td width=\"276\"><\/td>\n<td><span style=\"font-family: Arial;\">2004 in Holderbank (2. Rang Marsch)<\/span><\/td>\n<\/tr>\n<tr>\n<td width=\"276\"><\/td>\n<td><span style=\"font-family: Arial;\">2005 in Egerkingen<\/span><\/td>\n<\/tr>\n<tr>\n<td width=\"276\"><\/td>\n<td><span style=\"font-family: Arial;\">2006 in Niederbuchsiten<\/span><\/td>\n<\/tr>\n<tr>\n<td width=\"276\"><\/td>\n<td><span style=\"font-family: Arial;\">2007 in Balsthal<\/span><\/td>\n<\/tr>\n<tr>\n<td width=\"276\"><\/td>\n<td><span style=\"font-family: Arial;\">2009 in Winznau (1. Rang Marsch)<\/span><\/td>\n<\/tr>\n<tr>\n<td width=\"276\"><\/td>\n<td><span style=\"font-family: Arial;\">2010 in St\u00fcsslingen<\/span><\/td>\n<\/tr>\n<tr>\n<td width=\"276\"><\/td>\n<td><span style=\"font-family: Arial;\">2011 in Sch\u00f6nenwerd (1. Rang Marsch)<\/span><\/td>\n<\/tr>\n<tr>\n<td width=\"276\"><\/td>\n<td><span style=\"font-family: Arial;\">2012 in H\u00e4gendorf-Rickenbach<\/span><\/td>\n<\/tr>\n<tr>\n<td width=\"276\"><span style=\"font-family: Arial;\">Neu-Unimormierungen<\/span><\/td>\n<td><span style=\"font-family: Arial;\">1902 (Occasion), 1937, 1962, 2001<\/span><\/td>\n<\/tr>\n<tr>\n<td width=\"276\"><span style=\"font-family: Arial;\">Neu-Instrumentierungen<\/span><\/td>\n<td><span style=\"font-family: Arial;\">1968, 1983 (Teil-), 2003 (Teil-)<\/span><\/td>\n<\/tr>\n<tr>\n<td width=\"276\"><span style=\"font-family: Arial;\">Fahnenweihen<\/span><\/td>\n<td><span style=\"font-family: Arial;\">1920, 1956, 2001<\/span><\/td>\n<\/tr>\n<\/tbody>\n<\/table>\n<!-- AddThis Advanced Settings generic via filter on the_content -->","protected":false},"excerpt":{"rendered":"<p>Gr\u00fcndungsjahr 1883 Name Brass Band Kappel (seit 1999) bis 1998 Musikgesellschaft Kappel Besetzung Brass Band St\u00e4rkeklasse 2 Mitglieder 25 Pr\u00e4sident Anton Lack, Kappel Dirigent Oliver Waldmann, H\u00e4gendorf Teilnahme an Eidg. Musikfesten 1923 in Zug 1953 in Fribourg 1971 in Luzern 1986 in Winterthur 1991 in Lugano 1996 in Interlaken 2001 in Fribourg Teilnahme an Kant. Musikfesten 1925 in Grenchen 1965 in Olten 1984 in Balsthal 1985 in Murten (FR) 1989 in Niederg\u00f6sgen 1994 in M\u00fcmliswil (1. Platz \u00a02. Klasse) 1999&#8230;<\/p>\n<p class=\"read-more\"><a class=\"btn btn-default\" href=\"https:\/\/www.bbkappel.ch\/index.php\/uber-uns\/infos\/\">Weiterlesen<span class=\"screen-reader-text\"> Weiterlesen<\/span><\/a><\/p>\n<p><!-- AddThis Advanced Settings generic via filter on wp_trim_excerpt --><\/p>\n","protected":false},"author":4,"featured_media":0,"parent":20,"menu_order":0,"comment_status":"closed","ping_status":"closed","template":"","meta":{"jetpack_post_was_ever_published":false,"footnotes":""},"class_list":["post-43","page","type-page","status-publish","hentry"],"jetpack_sharing_enabled":true,"jetpack_shortlink":"https:\/\/wp.me\/P9vqt6-H","_links":{"self":[{"href":"https:\/\/www.bbkappel.ch\/index.php\/wp-json\/wp\/v2\/pages\/43","targetHints":{"allow":["GET"]}}],"collection":[{"href":"https:\/\/www.bbkappel.ch\/index.php\/wp-json\/wp\/v2\/pages"}],"about":[{"href":"https:\/\/www.bbkappel.ch\/index.php\/wp-json\/wp\/v2\/types\/page"}],"author":[{"embeddable":true,"href":"https:\/\/www.bbkappel.ch\/index.php\/wp-json\/wp\/v2\/users\/4"}],"replies":[{"embeddable":true,"href":"https:\/\/www.bbkappel.ch\/index.php\/wp-json\/wp\/v2\/comments?post=43"}],"version-history":[{"count":45,"href":"https:\/\/www.bbkappel.ch\/index.php\/wp-json\/wp\/v2\/pages\/43\/revisions"}],"predecessor-version":[{"id":420,"href":"https:\/\/www.bbkappel.ch\/index.php\/wp-json\/wp\/v2\/pages\/43\/revisions\/420"}],"up":[{"embeddable":true,"href":"https:\/\/www.bbkappel.ch\/index.php\/wp-json\/wp\/v2\/pages\/20"}],"wp:attachment":[{"href":"https:\/\/www.bbkappel.ch\/index.php\/wp-json\/wp\/v2\/media?parent=43"}],"curies":[{"name":"wp","href":"https:\/\/api.w.org\/{rel}","templated":true}]}}

<table style="border-width: 0px;" width="100%">
<tbody>
<tr>
<td width="276"><span style="font-family: Arial;">Gründungsjahr</span></td>
<td><span style="font-family: Arial;">1883</span></td>
</tr>
<tr>
<td width="276"><span style="font-family: Arial;">Name</span></td>
<td><span style="font-family: Arial;">Brass Band Kappel (seit 1999)</span></td>
</tr>
<tr>
<td width="276"></td>
<td><span style="font-family: Arial;">bis 1998 Musikgesellschaft Kappel</span></td>
</tr>
<tr>
<td width="276"><span style="font-family: Arial;">Besetzung</span></td>
<td><span style="font-family: Arial;">Brass Band</span></td>
</tr>
<tr>
<td width="276"><span style="font-family: Arial;">Stärkeklasse</span></td>
<td><span style="font-family: Arial;">2</span></td>
</tr>
<tr>
<td width="276"><span style="font-family: Arial;">Mitglieder</span></td>
<td><span style="font-family: Arial;">25</span></td>
</tr>
<tr>
<td width="276"><span style="font-family: Arial;">Präsident</span></td>
<td><span style="font-family: Arial;">Anton Lack, Kappel</span></td>
</tr>
<tr>
<td width="276"><span style="font-family: Arial;">Dirigent</span></td>
<td><span style="font-family: Arial;">Oliver Waldmann, Hägendorf</span></td>
</tr>
<tr>
<td width="276"><span style="font-family: Arial;">Teilnahme an Eidg. Musikfesten</span></td>
<td><span style="font-family: Arial;">1923 in Zug</span></td>
</tr>
<tr>
<td width="276"></td>
<td><span style="font-family: Arial;">1953 in Fribourg</span></td>
</tr>
<tr>
<td width="276"></td>
<td><span style="font-family: Arial;">1971 in Luzern</span></td>
</tr>
<tr>
<td width="276"></td>
<td><span style="font-family: Arial;">1986 in Winterthur</span></td>
</tr>
<tr>
<td width="276"></td>
<td><span style="font-family: Arial;">1991 in Lugano</span></td>
</tr>
<tr>
<td width="276"></td>
<td><span style="font-family: Arial;">1996 in Interlaken</span></td>
</tr>
<tr>
<td width="276"></td>
<td><span style="font-family: Arial;">2001 in Fribourg</span></td>
</tr>
<tr>
<td width="276"><span style="font-family: Arial;">Teilnahme an Kant. Musikfesten</span></td>
<td><span style="font-family: Arial;">1925 in Grenchen</span></td>
</tr>
<tr>
<td width="276"></td>
<td><span style="font-family: Arial;">1965 in Olten</span></td>
</tr>
<tr>
<td width="276"></td>
<td><span style="font-family: Arial;">1984 in Balsthal</span></td>
</tr>
<tr>
<td width="276"></td>
<td><span style="font-family: Arial;">1985 in Murten (FR)</span></td>
</tr>
<tr>
<td width="276"></td>
<td><span style="font-family: Arial;">1989 in Niedergösgen</span></td>
</tr>
<tr>
<td width="276"></td>
<td><span style="font-family: Arial;">1994 in Mümliswil (1. Platz  2. Klasse)</span></td>
</tr>
<tr>
<td width="276"></td>
<td><span style="font-family: Arial;">1999 in Schnottwil</span></td>
</tr>
<tr>
<td width="276"></td>
<td><span style="font-family: Arial;">2003 in Langdorf (3. Platz 2. Klasse)</span></td>
</tr>
<tr>
<td width="276"></td>
<td><span style="font-family: Arial;">2009 in Wolfwil</span></td>
</tr>
<tr>
<td width="276"><span style="font-family: Arial;">Teilnahme an Sol. Blasmusikpreisen</span></td>
<td><span style="font-family: Arial;">1992 in Biberist</span></td>
</tr>
<tr>
<td width="276"></td>
<td><span style="font-family: Arial;">1993 in Biberist (1. Rang Kat. B)</span></td>
</tr>
<tr>
<td width="276"></td>
<td><span style="font-family: Arial;">1995 in Deitingen (2. Platz Kat. B)</span></td>
</tr>
<tr>
<td width="276"></td>
<td><span style="font-family: Arial;">1998 in Deitingen</span></td>
</tr>
<tr>
<td width="276"></td>
<td><span style="font-family: Arial;">2000 in Deitingen</span></td>
</tr>
<tr>
<td width="276"></td>
<td><span style="font-family: Arial;">2005 in Deitingen</span></td>
</tr>
<tr>
<td width="276"><span style="font-family: Arial;">Teilnahme an Regionalmusiktagen</span></td>
<td><span style="font-family: Arial;">2002 in Wolfwil (2. Rang Kat. B)</span></td>
</tr>
<tr>
<td width="276"></td>
<td><span style="font-family: Arial;">2004 in Holderbank (2. Rang Marsch)</span></td>
</tr>
<tr>
<td width="276"></td>
<td><span style="font-family: Arial;">2005 in Egerkingen</span></td>
</tr>
<tr>
<td width="276"></td>
<td><span style="font-family: Arial;">2006 in Niederbuchsiten</span></td>
</tr>
<tr>
<td width="276"></td>
<td><span style="font-family: Arial;">2007 in Balsthal</span></td>
</tr>
<tr>
<td width="276"></td>
<td><span style="font-family: Arial;">2009 in Winznau (1. Rang Marsch)</span></td>
</tr>
<tr>
<td width="276"></td>
<td><span style="font-family: Arial;">2010 in Stüsslingen</span></td>
</tr>
<tr>
<td width="276"></td>
<td><span style="font-family: Arial;">2011 in Schönenwerd (1. Rang Marsch)</span></td>
</tr>
<tr>
<td width="276"></td>
<td><span style="font-family: Arial;">2012 in Hägendorf-Rickenbach</span></td>
</tr>
<tr>
<td width="276"><span style="font-family: Arial;">Neu-Unimormierungen</span></td>
<td><span style="font-family: Arial;">1902 (Occasion), 1937, 1962, 2001</span></td>
</tr>
<tr>
<td width="276"><span style="font-family: Arial;">Neu-Instrumentierungen</span></td>
<td><span style="font-family: Arial;">1968, 1983 (Teil-), 2003 (Teil-)</span></td>
</tr>
<tr>
<td width="276"><span style="font-family: Arial;">Fahnenweihen</span></td>
<td><span style="font-family: Arial;">1920, 1956, 2001</span></td>
</tr>
</tbody>
</table>
<!-- AddThis Advanced Settings generic via filter on the_content -->

<p>Gründungsjahr 1883 Name Brass Band Kappel (seit 1999) bis 1998 Musikgesellschaft Kappel Besetzung Brass Band Stärkeklasse 2 Mitglieder 25 Präsident Anton Lack, Kappel Dirigent Oliver Waldmann, Hägendorf Teilnahme an Eidg. Musikfesten 1923 in Zug 1953 in Fribourg 1971 in Luzern 1986 in Winterthur 1991 in Lugano 1996 in Interlaken 2001 in Fribourg Teilnahme an Kant. Musikfesten 1925 in Grenchen 1965 in Olten 1984 in Balsthal 1985 in Murten (FR) 1989 in Niedergösgen 1994 in Mümliswil (1. Platz  2. Klasse) 1999&#8230;</p>
<p class="read-more"><a class="btn btn-default" href="https://www.bbkappel.ch/index.php/uber-uns/infos/">Weiterlesen<span class="screen-reader-text"> Weiterlesen</span></a></p>
<p><!-- AddThis Advanced Settings generic via filter on wp_trim_excerpt --></p>
